-6 + 0 + -9 + (14 - -15) + -2
12
Evaluate -17 - ((-7 - -3) + -2).
-11
What is -1 - (1 - (13 - -1))?
12
What is 5 + 1 + -4 + (0 - -9)?
11
What is the value of 2 - (1 + -7) - (218 + -221)?
11
Calculate (3 - -3) + (11 - 13) - -9.
13
Calculate 0 + (-14 - 2) + 8 + 14.
6
Calculate -22 + (9 - -2) + (52 - 4 - 3).
34
Calculate 4 + -4 - 9 - ((36 - 9) + -33).
-3
Calculate 0 - (8 + -5 + -1 + 7 + 6).
-15
What is the value of (17 - 26) + 20 + 1?
12
Calculate -34 + 48 + 10 - -1.
25
Calculate -4 - ((12 - (14 - 7)) + -1 + -22).
14
Evaluate -1 - -4 - (25 + (-29 - (-23 + -1))).
-17
Calculate 6 + 7 + 5 + -5 + 1.
14
Calculate 2 - ((-11 - 2) + 13 + (3 - 2)).
1
What is the value of 15 - (1 - 1) - (-1584 - -1589)?
10
Calculate -54 + (2 - -17) + 19.
-16
What is 19 + (13 - 20) + 2 + -50?
-36
What is -2 - 4 - (-18 - (-12 - 8))?
-8
12 + (-13 - (10 - (14 + -14)))
-11
12 + -18 + (-9 - 1) + 3 + -3
-16
17 + -48 + (0 - -17)
-14
-11 + 18 + 51 + -38
20
What is -30 + (11 + -7 - 3) + 12?
-17
Evaluate -7 - -1 - (-2 + -6 - (-380 + 382)).
4
What is the value of 26 + -28 + -1 + 0 + 1 + 2?
0
(13 - 0) + -12 + -11 + 27
17
What is 29 + -14 + (2 - 6)?
11
Calculate 26 + -2 - (10 - -2).
12
Evaluate -29 + (-21 - (-20 - 32)).
2
Calculate -4 + 0 + 1 + 4 + (-111 - -99).
-11
Evaluate 29 + 6 + -36 - -11.
10
7 + -8 + (9 + -1 - 3)
4
277 + -257 + (-2 + 4 + -2 - 4)
16
Evaluate (-1 + -6 - (-16 - -6)) + 3.
6
Evaluate -4 + -33 + 8 + 42.
13
What is the value of 27 + -35 + 6 - (0 - -4)?
-6
20 + (-48 - -19 - -13)
4
What is -18 + (-151 + 156 - (-1 - -1 - -11))?
-24
2 + -9 - (7 + 5 + -9 + 6)
-16
What is the value of 14 + 2 + -12 - -11 - (-2 + 4)?
13
What is 6 + (-2 - 3) + 4 + (-6 - -8)?
7
What is the value of 24 + -28 + -11 - -16?
1
Calculate (3 - (1 + (5 - (-6 + 6)))) + 4.
1
Evaluate (-4 - (0 - -4 - (2 + -18))) + 3.
-21
What is the value of (-3 - -2) + 3 - (228 + -235)?
9
5 + (21 + -7 - 10)
9
Evaluate 4 + 39 - 2 - (-402 + 415).
28
Evaluate 6 - -4 - (4 + -1 + (-46 - -43)).
10
What is (-692 - -701) + (-4 + 0 - 1)?
4
What is the value of 30 - 3 - (14 + -2 - (97 - 90))?
22
What is the value of -1 - (-77 + 52 + -12 + (5 - 2))?
33
-94 + 63 - (5 - 19) - 14
-31
Evaluate (-4 - 2) + (40 + -16 - 33).
-15
What is 3 + (-3 - (-10 + -1)) + -31?
-20
Calculate (8 - (4 + (-4 - -14))) + 3.
-3
Evaluate -11 + 1 - (-30 - -33).
-13
What is 6 + (-14 - -20 - 8)?
4
What is the value of 7 + (5 - (4 + 2)) + 6 + 5?
17
Calculate -171 - -155 - (-2 + (3 - (-2 + 3))).
-16
What is (-4 - -13) + (-14 - (13 - 23))?
5
Calculate (4 - 3) + -5 + -5 - (-6 + -3).
0
Evaluate (-4 - (-4 + -4) - 9) + (16 - 5).
6
8 - (73 - (-2 - -40))
-27
Calculate -18 + 34 + 5 + (1 - 14).
8
What is 0 + -27 + 2 + 2 + -3 - -7?
-19
What is (61 - (24 + 33)) + -16 + -1?
-13
What is the value of -4 - (12 + (2 - 10))?
-8
(4 - 21) + 17 + 3
3
What is the value of 0 + -3 + 1 - (360 + -342)?
-20
(-6 - (-15 - -4)) + (-1 - -1 - -4)
9
(0 - (-5 + 13)) + (9 - 4)
-3
Evaluate 10 + 0 + (0 - (3 + 17)).
-10
11 + -13 + 15 + -3 - -4
14
-3 + -1 - (-13 + 7 - -11)
-9
What is the value of -16 - (-24 - (-28 + 8 - -2))?
-10
Evaluate 0 - (23 + -23 + -9 + 13).
-4
What is (-6 - 6 - (6 + -23)) + -6?
-1
Calculate (0 - 11) + (13 - (-11 - -12)).
1
What is -141 + 140 + 0 + -9?
-10
Evaluate -6 + (11 + -23 - -10).
-8
What is 7 + 1 - 0 - ((-29 - -100) + -46)?
-17
Calculate -622 + 614 - (-1 - 0 - -5).
-12
What is the value of -26 + (39 - 12 - 14 - 18)?
-31
What is 21 - -2 - (30 - (0 + 22))?
15
Evaluate -24 + 6 + 28 + -1 + -18.
-9
What is the value of 39 + -44 + (34 - 16)?
13
Calculate 22 + 22 + -39 + 13 + 0.
18
-6 + 13 - 38 - (8 - 14)
-25
Calculate -1 - (-19 - (-9 + 1 + 0)).
10
What is -102 + 120 - (-2 + 12)?
8
Evaluate -12 + 7 + (-4 - (-3 - (-8 - -4))).
-10
What is the value of 9 + (-55 - -30 - -31 - (51 - 1))?
-35
-10 + (13 - ((5 - 0) + -6))
4
What is the value of -8 - (-13 - (-15 - -5))?
-5
Calculate -38 - ((8 - 47) + 13).
-12
-4 + 23 + -10 + (5 - 3 - 1)
10
What is the value of (1 - 1 - -8) + (-55 - (-37 + 8))?
-18
Calculate (-5 + -2 - 0) + 2 - (-154 + 152).
-3
What is (-1 - -38) + (-3 - (88 + -75))?
21
What is 9 + -19 - (10 + -24)?
4
-15 - (-4 - (-4 + 1))
-14
Evaluate -65 + -29 + 59 - (1 - 3).
-33
Calculate (-22 - -14 - (-1 + 0 + 2)) + -9.
-18
Calculate -2 + (-16 - (-21 + 4)).
-1
What is the value of 1 + 9 - (-91 - -93)?
8
Evaluate 1 - 8 - (-44 + 35) - 7 - 6.
-11
What is -5 - ((15 - 4) + (6 - 13))?
-9
What is 2 - (-28 - -45 - (4 + (8 - 4)))?
-7
What is -57 - -50 - (-21 - (4 - 6))?
12
What is the value of -118 + 93 + (2 - -9) + (5 - 10)?
-19
What is (-4 - (-1 + -18) - 9) + -9?
-3
-8 + 1 - (-7 + 4 + -3)
-1
What is the value of (-11 - (-20 + 34)) + (5 - 8 - -9)?
-19
What is the value of 1 + -14 - (762 - 770)?
-5
What is 1 + -26 + (4 - -3) - 7?
-25
What is -4 + 2 - (1 - (-4 + -1))?
-8
What is (-783 - -766) + (-1 - -1) + (8 - 2)?
-11
(-5 - 1) + (52 - 34) - -2
14
What is the value of -2 - -2 - -6 - (16 + 5 + -3)?
-12
Evaluate (-5 - (7 + 0)) + (4 - -2 - 1).
-7
Calculate -30 + (-15 - -34 - 9).
-20
Evaluate (-2 - 2 - -8) + -207 + 222.
19
What is -55 + 3 - (-59 + 26)?
-19
Calculate 0 - -24 - (-8 - -16).
16
-9 + (24 - (14 + -24 - -8))
17
What is the value of -6 - (-16 + 28 - 20)?
2
What is the value of (3 - (-14 - 1)) + -7?
11
What is the value of -1 - ((3 - (1 + (21 - 8))) + 4)?
6
What is 22 + -3 - (54 - 33)?
-2
What is the value of (-22 - -52) + -44 + -1?
-15
What is the value of -52 + (38 - -22 - 32)?
-24
3 + -41 - (-37 + 18)
-19
Evaluate (-9 - (3 + (-8 - (8 - 17)))) + -3.
-16
Evaluate 28 + -24 - 12 - 6.
-14
Evaluate (13 - 0 - 10) + 8 + -44 + 8.
-25
What is -3 + 16 + (1 + -4 - -11) + -4?
17
What is 2 - (11 - (0 - -20))?
11
What is the value of -7 + -2 + 3 + 0 + (-2902 - -2886)?
-22
What is the value of 31 - -2 - (-57 - -68)?
22
-35 + (-4 - -1) + (-252 - -266)
-24
What is -10 + (1 - -10) + (13 - (15 + 21))?
-22
Calculate -27 + 26 + -11 - (-1 + 8).
-19
-23 + 58 + -2 - 49
-16
Calculate -47 + 6 - -13 - 1 - -8.
-21
Calculate (14 - (6 + 5) - 6) + (1 - 7).
-9
What is -11 - (4 - 17) - 7?
-5
What is 22 + -16 - (-1 + 2 + 3 + -2)?
4
7 - (8 - (12 - (0 + -10)))
21
Calculate 2 + 6 - (8 - 2 - (0 - -1)).
3
(1 - -3) + -10 + 10 + -5
-1
(-15 + 4 - (-38 + 9)) + -4
14
Evaluate 22 + -7 - 3 - (-19 + 35).
-4
Calculate (-6 + 6 - (1 + 0)) + (-252 - -260).
7
Calculate 26 - (32 - 26 - 0).
20
Evaluate (3 - 3) + 25 + -31.
-6
2 + 0 + -2 + -6 + -9
-15
What is 30 + -8 + -3 - 23?
-4
Calculate (5 - -1) + 0 - (-2 - (-6 - -4)).
6
(24 - 5) + (-11 - (-23 - -9))
22
Calculate 0 - -9 - 4 - 20 - -3.
-12
Evaluate 11 + 0 + -21 + 7.
-3
-30 + (0 - 0) - (650 + -661)
-19
What is the value of 247 + -225 + (-18 - 2)?
2
Evaluate -7 + 1 - (-21 + 42 - 30).
3
What is the value of 24 + (-102 - -96 - (-3 - -1 - -2))?
18
Evaluate 17 - (-16 + (19 + -12 - -22)).
4
What is (-25 - (-27 - -10)) + 0?
-8
-26 - ((11 - -10) + -54)
7
Calculate (21 - (49 + -22)) + (-2 - 4).
-12
What is (-8 + 12 - 4) + -2?
-2
Evaluate -16 + 5 + 13 + -2.
0
37 - (1 + ((8 - -17) + -10 - 6))
27
(2 - (8 + -2)) + (12 - (22 + -12))
-2
Evaluate (15 - 15) + (0 - -1 - -1) - -10.
12
35 - 40 - ((-5 - -7) + -5 + 2)
-4
Evaluate -30 + (-34 - -24) - -53.
13
Evaluate 0 + -10 + (244 - 235).
-1
Evaluate 9 + (2 - 4) + 2 - 3.
6
Evaluate -7 - (1 + -21 - (11 + -1 + -2)).
21
Evaluate -31 - -16 - -9 - -9.
3
Calculate -2 - (-7 - (-7 + 23 - -1 - -4)).
26
What is the value of 8 + (5 - (-2 - (4 + -13)) - 1)?
5
What is -2 + -5 - ((8 - 5) + -12)?
2
What is 30 + -38 - 14 - -42?
20
Calculate -12 + (3 - -2) - (-24 + 9).
8
-1 + -2 + (-5 - (-7 - 1)) + 13
13
What is -32 - (-13 - (4 + -17) - (-2 - -5))?
-29
Evaluate 6 + (-7 + (2 + -2 - -4) - -1).
4
(-14 - (-6 - 6)) + -25
-27
Evaluate 38 - (71 + (-34 - -11)).
-10
Calculate -1 - (-1 - ((56 - 69) + 0 + 6)).
-7
Calculate -85 - -82 - (-1 + 3 + 4).
-9
Evaluate (1 - -4) + 38 + -58 + 1.
-14
Calculate -25 + (35 - (-37 - -65)).
-18
What is 4 + 1 + (35 - 29) + 2 + -10?
3
0 - (-7 + -25 + 15 + 23)
-6
What is the value of (0 - -2) + -1 + 27 + -13?
15
-27 + -42 + 61 + -21
-29
What is the value of -4 + (3 - -1) - (-35 - -34)?
1
-20 + 20 + (-2 - -1) + -2
-3
What is the value of -5 + (45 - 4 - 72)?
-36
What is the value of 9 - (-8 + (8 - (-6 - 4)))?
-1
What is (2 + -2 - (-22 + 22)) + 18 - 6?
12
10 + -19 - -17 - 12
-4
Calculate 42 + -33 + (-4 - (-10 + -2 - -1)).
16
What is 4 + 24 + -26 + (9 - (0 + 1)